?
True
Is 478963 a prime number?
True
Is 46588693 composite?
True
Is 3986179 prime?
False
Is 4733819 composite?
True
Is 22118757 prime?
False
Is 14197627 a prime number?
True
Is 355447 composite?
True
Is 3066677 a composite number?
True
Is 23773783 a prime number?
False
Is 2303843 a composite number?
False
Is 268154 composite?
True
Is 12722329 prime?
False
Is 13156709 prime?
False
Is 1101071 composite?
False
Is 14979859 a prime number?
True
Is 243873571 prime?
True
Is 122739217 composite?
False
Is 38146421 prime?
True
Is 7957889 prime?
False
Is 44117851 prime?
False
Is 9629423 prime?
False
Is 5044343 composite?
False
Is 131743 a composite number?
False
Is 23080873 a composite number?
False
Is 3230237 a composite number?
False
Is 3431591 a composite number?
True
Is 89803862 a prime number?
False
Is 803417 a prime number?
True
Is 77621513 prime?
True
Is 570135211 composite?
False
Is 36094699 prime?
False
Is 17921513 a prime number?
True
Is 5066539 prime?
True
Is 2760319 composite?
False
Is 324544981 composite?
False
Is 492959 prime?
False
Is 3088259 prime?
False
Is 218408989 a composite number?
True
Is 9260231 a composite number?
False
Is 28728641 composite?
False
Is 9594929 composite?
False
Is 22820147 a composite number?
True
Is 16920103 a composite number?
True
Is 997771 composite?
True
Is 492673703 a composite number?
False
Is 1166833699 a composite number?
True
Is 4590899 a composite number?
False
Is 178244467 composite?
False
Is 631849 prime?
False
Is 7333709 composite?
False
Is 199710163 prime?
True
Is 1026479 prime?
True
Is 964967 composite?
False
Is 346387 prime?
False
Is 897629 composite?
False
Is 11331874 a composite number?
True
Is 1651387747 composite?
False
Is 41597377 composite?
False
Is 14275573 prime?
False
Is 41231323 composite?
True
Is 569111 composite?
False
Is 899123 a composite number?
False
Is 65863711 composite?
False
Is 70253219 a prime number?
False
Is 3339331 a composite number?
False
Is 1053461 composite?
False
Is 148757419 composite?
False
Is 505271593 prime?
False
Is 338119 prime?
True
Is 102908519 composite?
True
Is 4046489 composite?
False
Is 469633 composite?
True
Is 23079801 a prime number?
False
Is 3068417 a composite number?
True
Is 16865851 a composite number?
False
Is 8797849 composite?
False
Is 93637891 a prime number?
False
Is 519263 composite?
True
Is 530744763 prime?
False
Is 75600557 a composite number?
False
Is 14970763 prime?
False
Is 20399807 a composite number?
False
Is 59479489 prime?
False
Is 349128431 composite?
True
Is 4187849 prime?
False
Is 4011053 a prime number?
True
Is 16733137 a prime number?
True
Is 10118497 a prime number?
False
Is 1411411 a composite number?
False
Is 1382873 a prime number?
False
Is 4200269 a prime number?
False
Is 1575381 a prime number?
False
Is 9708121 prime?
True
Is 18122389 composite?
False
Is 318974941 a composite number?
True
Is 36847049 a prime number?
True
Is 65909311 prime?
False
Is 1030189541 composite?
False
Is 1788433 a composite number?
False
Is 6465779 composite?
False
Is 815140435 a composite number?
True
Is 317143 composite?
True
Is 2688701 a prime number?
True
Is 7437293 prime?
True
Is 2307737 prime?
False
Is 1267429 prime?
True
Is 21668707 a prime number?
False
Is 1346021 a prime number?
True
Is 7185511 a prime number?
False
Is 111448745 prime?
False
Is 1553827 composite?
True
Is 90427823 a prime number?
False
Is 3016458613 a composite number?
True
Is 25237913 a composite number?
False
Is 5846021 a composite number?
False
Is 1670759 prime?
False
Is 2302397 prime?
False
Is 349311 a prime number?
False
Is 44519599 a composite number?
False
Is 952631 a prime number?
False
Is 258487 composite?
False
Is 104682829 a prime number?
False
Is 236649991 a composite number?
True
Is 1086755 a prime number?
False
Is 2760599 a composite number?
True
Is 696089 prime?
False
Is 2586443 a prime number?
True
Is 166149773 a composite number?
False
Is 57363 a composite number?
True
Is 32323931 a prime number?
True
Is 81392071 prime?
True
Is 1425733 composite?
False
Is 13021427 a composite number?
True
Is 12426289 a prime number?
False
Is 28393769 composite?
False
Is 1117349 a prime number?
True
Is 24600971 prime?
True
Is 37188419 composite?
False
Is 33358907 a prime number?
True
Is 110647829 a prime number?
True
Is 29063 a composite number?
False
Is 2503961 prime?
True
Is 9578561 prime?
True
Is 14380771 prime?
True
Is 427956799 a composite number?
True
Is 9852611 prime?
False
Is 32627299 composite?
False
Is 4326349 a composite number?
False
Is 40827902 composite?
True
Is 2036416607 a prime number?
True
Is 12617461 a prime number?
True
Is 62133947 a composite number?
True
Is 4101949 a prime number?
True
Is 106829087 a composite number?
False
Is 20427917 a prime number?
True
Is 42884533 a prime number?
False
Is 10768607 composite?
False
Is 10006547 composite?
False
Is 29055929 a composite number?
True
Is 6908927 a composite number?
True
Is 255915701 prime?
True
Is 338483 composite?
True
Is 226885609 prime?
True
Is 71464655 prime?
False
Is 14496299 a prime number?
True
Is 6869087 prime?
False
Is 849649 composite?
False
Is 6437881 composite?
False
Is 73085201 prime?
False
Is 1174441 a prime number?
True
Is 69238343 a prime number?
True
Is 8806973 prime?
False
Is 7553885 prime?
False
Is 196899 a prime number?
False
Is 282959 a composite number?
False
Is 236171009 a composite number?
True
Is 383446249 a composite number?
False
Is 118903709 a prime number?
True
Is 4942703 composite?
False
Is 55619437 a composite number?
False
Is 39937201 a prime number?
False
Is 4780929 a prime number?
False
Is 1274989 composite?
False
Is 42045103 a prime number?
True
Is 1917817 composite?
True
Is 2799215135 a prime number?
False
Is 86311283 composite?
False
Is 14035961 a composite number?
False
Is 9763 composite?
True
Is 1950383 a prime number?
True
Is 226519621 a prime number?
True
Is 32315365 composite?
True
Is 10448039 prime?
False
Is 37217 composite?
False
Is 146218379 prime?
True
Is 13161371 composite?
False
Is 6149599 a prime number?
True
Is 2329189 composite?
False
Is 6663 a prime number?
False
Is 1008401 prime?
True
Is 14876951 a prime number?
True
Is 198078083 a prime number?
False
Is 8745991 composite?
False
Is 50389091 a prime number?
True
Is 2846861 prime?
True
Is 12075515 a prime number?
False
Is 7638497 composite?
False
Is 5882867 composite?
True
Is 2129177 a composite number?
False
Is 309300646 composite?
True
Is 253678567 a prime number?
False
Is 11935267 a composite number?
False
Is 41301707 composite?
True
Is 1928929 composite?
False
Is 2981353 prime?
False
Is 113389141 a prime number?
True
Is 2660719 a composite number?
False
Is 2059573 a composite number?
False
Is 31611757 a composite number?
False
Is 1693 a prime number?
True
Is 67431977 a composite number?
True
Is 171412039 a composite number?
False
Is 107572963 a prime number?
True
Is 340182979 a prime number?
True
Is 11074801 a prime number?
True
Is 88475789 a composite number?
False
Is 13374091 a composite number?
True
Is 517521 a composite number?
True
Is 14636341 a composite number?
False
Is 246367153 a prime number?
True
Is 46657669 composite?
False
Is 653843518 a composite number?
True
Is 59591573 composite?
True
Is 61289407 a prime number?
True
Is 130604923 prime?
False
Is 32163623 a composite number?
False
Is 90060721 composite?
False
Is 253081 composite?
False
Is 144156631 prime?
True
Is 133969789 composite?
False
Is 41458607 prime?
True
Is 296113 composite?
True
Is 4354589 a prime number?
False
Is 58480237 composite?
True
Is 104284751 a prime number?
True
Is 154620487 a prime number?
False
Is 21269233 a prime number?
True
Is 8458647 prime?
False
Is 1642877 composite?
True
Is 98305567 a prime number?
True
Is 84599303 prime?
True
Is 427855559 composite?
False
Is 7068623 prime?
True
Is 17105069 composite?
True
Is 263532991 a composite number?
True
Is 20414181 composite?
True
Is 15833 a composite number?
True
Is 15881057 prime?
False
Is 23639039 composite?
False
Is 1607329 composite?
True
Is 107912221 composite?
False
Is 40850203 composite?
True
Is 105714863 composite?
False
Is 13022923 a composite number?
True
Is 150458309 composite?
False
Is 291638539 prime?
True
Is 580031 prime?
True
Is 323636237 prime?
False